 factor of 7955 and 41495.
215
Calculate the greatest common factor of 754 and 78299.
13
What is the highest common factor of 230 and 426765?
115
Calculate the greatest common factor of 74 and 27050.
2
What is the greatest common factor of 3340 and 127087?
167
What is the highest common factor of 117652 and 15544?
268
Calculate the greatest common factor of 769 and 58.
1
What is the highest common divisor of 108273 and 6324?
51
Calculate the highest common divisor of 128 and 12.
4
What is the greatest common factor of 6570 and 720?
90
What is the highest common factor of 132061 and 2624?
41
What is the greatest common divisor of 50 and 888010?
10
Calculate the highest common factor of 1967 and 3031.
7
Calculate the greatest common factor of 48547 and 72256.
1129
What is the highest common factor of 856246 and 940?
94
Calculate the highest common factor of 736 and 1168.
16
What is the greatest common factor of 3615 and 378611?
241
What is the highest common factor of 671 and 359046?
61
Calculate the greatest common divisor of 28 and 3822.
14
What is the highest common factor of 402 and 21775?
67
What is the greatest common factor of 116348 and 812?
116
Calculate the highest common factor of 158 and 416883.
79
What is the highest common factor of 6 and 47898?
6
What is the highest common divisor of 982 and 1101804?
982
Calculate the greatest common divisor of 2755 and 35264.
551
Calculate the highest common factor of 18 and 566802.
18
What is the highest common divisor of 2097 and 72?
9
What is the greatest common factor of 805920 and 1056?
96
What is the highest common factor of 11 and 901219?
11
Calculate the highest common divisor of 572 and 10504.
52
What is the highest common factor of 8126 and 5372?
34
What is the highest common divisor of 110018 and 26?
2
What is the greatest common factor of 2 and 9467?
1
What is the highest common factor of 46 and 2035822?
46
Calculate the highest common factor of 260124 and 1908.
636
Calculate the greatest common divisor of 22388 and 22852.
116
What is the highest common divisor of 20 and 641290?
10
Calculate the greatest common factor of 378765 and 345.
15
What is the highest common factor of 5401 and 112439?
491
Calculate the highest common divisor of 935 and 16745.
85
What is the highest common factor of 464 and 670828?
116
What is the greatest common factor of 149299 and 10553?
173
Calculate the highest common divisor of 4085 and 855.
95
Calculate the greatest common factor of 22 and 5.
1
What is the greatest common divisor of 310225 and 100?
25
Calculate the highest common factor of 6 and 40353.
3
Calculate the greatest common factor of 9296 and 18841.
83
What is the greatest common divisor of 732 and 72285?
183
What is the highest common divisor of 13606112 and 208?
208
What is the greatest common factor of 2301 and 383736?
177
Calculate the highest common factor of 27 and 7474653.
27
Calculate the highest common factor of 214485 and 39096.
543
Calculate the greatest common factor of 171852 and 12.
12
What is the greatest common divisor of 354784 and 88?
8
Calculate the highest common factor of 345 and 66930.
345
What is the highest common factor of 195 and 19149?
39
Calculate the greatest common factor of 72 and 367272.
72
Calculate the greatest common factor of 30462 and 6.
6
Calculate the greatest common factor of 157752 and 882.
126
What is the highest common factor of 7168 and 2240?
448
What is the highest common divisor of 4893 and 357?
21
Calculate the highest common factor of 1786 and 8892.
38
What is the highest common divisor of 6006 and 15268?
22
What is the highest common divisor of 1344 and 16548?
84
Calculate the greatest common divisor of 46116 and 3834.
54
What is the greatest common factor of 3 and 39324?
3
What is the highest common factor of 1022 and 18761?
73
What is the highest common factor of 94279 and 58?
29
What is the highest common factor of 45 and 750810?
15
What is the highest common factor of 6968 and 722059?
871
What is the highest common divisor of 5189558 and 44?
22
Calculate the greatest common divisor of 17889 and 51657.
201
What is the highest common factor of 80 and 644720?
80
What is the greatest common divisor of 23210 and 330?
110
What is the highest common factor of 297686 and 7116?
1186
Calculate the greatest common factor of 30 and 52482.
6
Calculate the greatest common factor of 46 and 1232616.
46
What is the greatest common divisor of 2057 and 41497?
17
Calculate the greatest common factor of 8763 and 2484.
69
What is the highest common divisor of 7263 and 24579?
9
Calculate the highest common factor of 1589 and 9107.
7
What is the greatest common factor of 366 and 10736?
122
What is the highest common divisor of 4913 and 34969?
289
Calculate the highest common divisor of 709492 and 196.
28
What is the highest common factor of 50340 and 20?
20
Calculate the greatest common divisor of 2155044 and 752.
188
Calculate the highest common divisor of 34119 and 306.
153
Calculate the greatest common factor of 3668 and 84.
28
What is the highest common divisor of 58 and 2277863?
29
What is the highest common divisor of 11148 and 2616?
12
Calculate the greatest common factor of 81358 and 228.
38
What is the greatest common divisor of 1482 and 103363?
13
What is the greatest common divisor of 57 and 519612?
57
What is the highest common divisor of 292204 and 58?
58
Calculate the highest common factor of 312 and 272844.
156
What is the greatest common divisor of 319 and 142013?
29
Calculate the highest common divisor of 217 and 11749.
31
Calculate the highest common factor of 543980 and 461.
461
Calculate the greatest common factor of 8 and 9973.
1
What is the highest common factor of 18480 and 1215?
15
What is the highest common factor of 208 and 157?
1
What is the greatest common factor of 19844 and 99?
11
Calculate the highest common divisor of 585 and 8541.
117
Calculate the highest common factor of 7 and 331548.
7
What is the highest common factor of 231999 and 102?
51
Calculate the highest common divisor of 245889 and 54.
27
What is the highest common factor of 657 and 194253?
219
What is the highest common factor of 121899 and 1969?
179
Calculate the highest common divisor of 9968 and 26992.
112
What is the highest common divisor of 323 and 2941?
17
Calculate the greatest common divisor of 7473 and 1128.
141
Calculate the greatest common divisor of 344 and 39044.
172
What is the highest common divisor of 13792912 and 2044?
2044
What is the greatest common factor of 34083 and 168?
21
What is the highest common divisor of 21903 and 13671?
147
What is the greatest common divisor of 46088 and 160485?
823
What is the greatest common factor of 14570 and 290?
10
Calculate the highest common factor of 1277161 and 57.
19
What is the greatest common factor of 462 and 3171784?
154
Calculate the highest common factor of 681 and 321659.
227
What is the highest common divisor of 2277 and 981?
9
Calculate the greatest common factor of 1507145 and 5.
5
Calculate the greatest common divisor of 80 and 77680.
80
What is the greatest common divisor of 17094 and 1617?
231
Calculate the greatest common factor of 9373907 and 541.
541
What is the greatest common factor of 54948 and 12?
12
Calculate the greatest common divisor of 49734 and 1296.
162
What is the highest common divisor of 18468 and 378?
54
Calculate the highest common divisor of 227432 and 8.
8
Calculate the greatest common factor of 97838 and 15158.
1378
Calculate the greatest common divisor of 100000 and 160.
160
Calculate the greatest common factor of 81 and 4590702.
27
What is the highest common factor of 321317 and 123?
41
Calculate the highest common factor of 248 and 8804.
124
What is the greatest common divisor of 8055 and 148033?
179
Calculate the highest common divisor of 96210 and 225.
45
What is the highest common divisor of 5888 and 1244?
4
Calculate the greatest common divisor of 47 and 6301196.
47
Calculate the highest common factor of 212947 and 203.
203
What is the greatest common divisor of 3969 and 1296?
81
Calculate the highest common factor of 984 and 21144.
24
What is the greatest common factor of 973 and 1711507?
973
What is the highest common factor of 840 and 11640?
120
Calculate the hig